{"id":1203,"date":"2022-02-21T20:47:53","date_gmt":"2022-02-21T19:47:53","guid":{"rendered":"https:\/\/blogs.uni-siegen.de\/forschung\/?page_id=1203"},"modified":"2024-11-20T17:08:38","modified_gmt":"2024-11-20T16:08:38","slug":"prorectorate-and-commissions","status":"publish","type":"page","link":"https:\/\/forschung.uni-siegen.de\/en\/forschung\/researchprofile\/prorectorate-and-commissions\/","title":{"rendered":"Prorectorate and Commissions"},"content":{"rendered":"\n<div class=\"wp-block-columns is-layout-flex wp-container-core-columns-is-layout-28f84493 wp-block-columns-is-layout-flex\">\n<div class=\"wp-block-column is-layout-flow wp-block-column-is-layout-flow\" style=\"flex-basis:66.66%\">\n<h2 class=\"wp-block-heading\">Research and Young Scientific Academics Commission<\/h2>\n\n\n\n<p>The Senate forms Standing Commissions to prepare its resolutions and to advise the Rectorate, the University Council and the schools. The Senate Commission for Research and Young Scientists is the main body responsible for reviewing QM tasks in the field of research, in which both the research promotion measures implemented by the Rectorate and those of the faculties are to be evaluated and coordinated. It deals with all matters concerning the organization of research and the promotion of young scientists.<\/p>\n\n\n\n<div class=\"wp-block-pb-accordion-item c-accordion__item js-accordion-item no-js\" data-initially-open=\"false\" data-click-to-close=\"true\" data-auto-close=\"true\" data-scroll=\"false\" data-scroll-offset=\"0\"><h2 id=\"at-12030\" class=\"c-accordion__title js-accordion-controller\" role=\"button\">Members<\/h2><div id=\"ac-12030\" class=\"c-accordion__content\">\n<p><strong><strong>Chair person:<\/strong><\/strong><br>Univ.-Prof. Dr. Andreas Kolb<\/p>\n\n\n\n<p><strong><strong>University Teachers<\/strong>:<br><\/strong>Univ.-Prof. Dr. rer. nat. Benjamin Butz (Fakult\u00e4t IV)<br>Univ.-Prof. Dr. Stephan Habscheid (Fakult\u00e4t I)<br>Univ.-Prof. Dr. Gunnar Stevens (Fakult\u00e4t III)<br>Univ.-Prof. Dr.-Ing. Thorsten Weimar (Fakult\u00e4t II)<br>Univ.-Prof. &#8216;in Dr. Claudia Wickleder (Fakult\u00e4t IV), stellv. Vorsitzende<\/p>\n\n\n\n<p><strong><strong>Academic Staff<\/strong>:<\/strong><br>Dr. Anne R\u00f6hl (Fakult\u00e4t II)<br>Konstantin Aal (Fakult\u00e4t III)<\/p>\n\n\n\n<p><strong><strong>Students:<\/strong><\/strong><br>Lea Schodrowski (Fakult\u00e4t III)<br>Aleksandra Vujadinovic (Fakult\u00e4t I)<\/p>\n\n\n\n<p><strong><strong>Technical and Administrative Staff:<\/strong><\/strong><br>Gregor Schulte (Fakult\u00e4t IV)<\/p>\n\n\n\n<p><strong><strong>Vice Dean for Research:<\/strong><\/strong><br>Prof. Dr. Niels Werber, Prodekan f\u00fcr Forschung (Fak. I)<br>Prof. Dr. Thomas Coelen, Prodekan f\u00fcr Forschung (Fak. II)<br>Prof. Dr. Peter Krebs, Prodekan f\u00fcr Forschung und Lehre (Fak. III)<br>Prof. Dr. Ivor Fleck, Prodekan f\u00fcr Forschung &amp; wissenschaftlichen Nachwuchs (Fak. IV)<br>Prof. Dr. Christoph Str\u00fcnck, Prodekan f\u00fcr Strategie und Forschung (Fak. V)<\/p>\n<\/div><\/div>\n\n\n\n<h2 class=\"wp-block-heading\" id=\"vertrauensdozent\">DFG Liaison Officer<\/h2>\n\n\n\n<p>All universities that are members of the Deutsche Forschungsgemeinschaft (DFG, German Research Foundation) appoint a university professor from among their members to serve as a DFG Liaison Officer.<\/p>\n\n\n\n<p>This person acts as a local contact person for applicants at the DFG. It should also be noted that the DFG Liaison Officer must be informed by applicants about the submission of DFG projects.<\/p>\n\n\n\n<div class=\"wp-block-media-text alignwide is-stacked-on-mobile\" style=\"grid-template-columns:30% auto\"><figure class=\"wp-block-media-text__media\"><img loading=\"lazy\" decoding=\"async\" width=\"600\" height=\"600\" src=\"https:\/\/forschung.uni-siegen.de\/files\/2024\/11\/0000000342.jpg\" alt=\"\" class=\"wp-image-2804 size-full\" srcset=\"https:\/\/forschung.uni-siegen.de\/files\/2024\/11\/0000000342.jpg 600w, https:\/\/forschung.uni-siegen.de\/files\/2024\/11\/0000000342-300x300.jpg 300w, https:\/\/forschung.uni-siegen.de\/files\/2024\/11\/0000000342-150x150.jpg 150w\" sizes=\"auto, (max-width: 600px) 100vw, 600px\" \/><\/figure><div class=\"wp-block-media-text__content\">\n<div class=\"wp-block-group is-layout-flow wp-block-group-is-layout-flow\">\n<div class=\"wp-block-group is-layout-flow wp-block-group-is-layout-flow\">\n<h2 class=\"wp-block-heading\">Prof. Dr. Christian Lahusen<\/h2>\n\n\n\n<p>AR-H 503<br>Universit\u00e4t Siegen<br>Professor of Comparative Cultural Sociology and Political Sociology in Europe<br>57076 Siegen<br>Phone: +49 271 \/ 740 \u2013 3296<br>E-Mail: <a href=\"mailto:lahusen@soziologie.uni-siegen.de\">lahusen@soziologie.uni-siegen.de<\/a><\/p>\n<\/div>\n<\/div>\n<\/div><\/div>\n<\/div>\n\n\n\n<div class=\"wp-block-column is-layout-flow wp-block-column-is-layout-flow\" style=\"flex-basis:33.33%\">\n<div class=\"wp-block-group greybox is-layout-flow wp-block-group-is-layout-flow\">\n<h2 class=\"wp-block-heading\">Prorector for Research, Infrastructure and Collaboration<\/h2>\n\n\n\n<div class=\"wp-block-media-text alignwide\" style=\"grid-template-columns:29% auto\"><figure class=\"wp-block-media-text__media\"><img loading=\"lazy\" decoding=\"async\" width=\"451\" height=\"677\" src=\"https:\/\/forschung.uni-siegen.de\/files\/2024\/03\/prorektorat_kolb.jpg\" alt=\"\" class=\"wp-image-2402 size-medium\" srcset=\"https:\/\/forschung.uni-siegen.de\/files\/2024\/03\/prorektorat_kolb.jpg 451w, https:\/\/forschung.uni-siegen.de\/files\/2024\/03\/prorektorat_kolb-200x300.jpg 200w\" sizes=\"auto, (max-width: 451px) 100vw, 451px\" \/><\/figure><div class=\"wp-block-media-text__content\">\n<p><strong>Prof. Dr. Andreas Kolb<\/strong><br>Phone: +49 271\/740-2404<br>E-Mail: <a href=\"mailto:andreas.kolb@uni-siegen.de\" target=\"_blank\" rel=\"noreferrer noopener\">andreas.kolb@uni-siegen.de<\/a><\/p>\n<\/div><\/div>\n<\/div>\n<\/div>\n<\/div>\n","protected":false},"excerpt":{"rendered":"<p>Research and Young Scientific Academics Commission The Senate forms Standing Commissions to prepare its resolutions and to advise the Rectorate, the University Council and the schools. The Senate Commission for Research and Young Scientists is the main body responsible for reviewing QM tasks in the field of research, in which both the research promotion measures [&hellip;]<\/p>\n","protected":false},"author":516,"featured_media":0,"parent":343,"menu_order":5,"comment_status":"closed","ping_status":"closed","template":"","meta":{"footnotes":""},"class_list":["post-1203","page","type-page","status-publish","hentry"],"blocksy_meta":{"styles_descriptor":{"styles":{"desktop":"","tablet":"","mobile":""},"google_fonts":[],"version":6}},"_links":{"self":[{"href":"https:\/\/forschung.uni-siegen.de\/en\/wp-json\/wp\/v2\/pages\/1203","targetHints":{"allow":["GET"]}}],"collection":[{"href":"https:\/\/forschung.uni-siegen.de\/en\/wp-json\/wp\/v2\/pages"}],"about":[{"href":"https:\/\/forschung.uni-siegen.de\/en\/wp-json\/wp\/v2\/types\/page"}],"author":[{"embeddable":true,"href":"https:\/\/forschung.uni-siegen.de\/en\/wp-json\/wp\/v2\/users\/516"}],"replies":[{"embeddable":true,"href":"https:\/\/forschung.uni-siegen.de\/en\/wp-json\/wp\/v2\/comments?post=1203"}],"version-history":[{"count":8,"href":"https:\/\/forschung.uni-siegen.de\/en\/wp-json\/wp\/v2\/pages\/1203\/revisions"}],"predecessor-version":[{"id":2833,"href":"https:\/\/forschung.uni-siegen.de\/en\/wp-json\/wp\/v2\/pages\/1203\/revisions\/2833"}],"up":[{"embeddable":true,"href":"https:\/\/forschung.uni-siegen.de\/en\/wp-json\/wp\/v2\/pages\/343"}],"wp:attachment":[{"href":"https:\/\/forschung.uni-siegen.de\/en\/wp-json\/wp\/v2\/media?parent=1203"}],"curies":[{"name":"wp","href":"https:\/\/api.w.org\/{rel}","templated":true}]}}

<div class="wp-block-columns is-layout-flex wp-container-core-columns-is-layout-28f84493 wp-block-columns-is-layout-flex">
<div class="wp-block-column is-layout-flow wp-block-column-is-layout-flow" style="flex-basis:66.66%">
<h2 class="wp-block-heading">Research and Young Scientific Academics Commission</h2>



<p>The Senate forms Standing Commissions to prepare its resolutions and to advise the Rectorate, the University Council and the schools. The Senate Commission for Research and Young Scientists is the main body responsible for reviewing QM tasks in the field of research, in which both the research promotion measures implemented by the Rectorate and those of the faculties are to be evaluated and coordinated. It deals with all matters concerning the organization of research and the promotion of young scientists.</p>



<div class="wp-block-pb-accordion-item c-accordion__item js-accordion-item no-js" data-initially-open="false" data-click-to-close="true" data-auto-close="true" data-scroll="false" data-scroll-offset="0"><h2 id="at-12030" class="c-accordion__title js-accordion-controller" role="button">Members</h2><div id="ac-12030" class="c-accordion__content">
<p><strong><strong>Chair person:</strong></strong><br>Univ.-Prof. Dr. Andreas Kolb</p>



<p><strong><strong>University Teachers</strong>:<br></strong>Univ.-Prof. Dr. rer. nat. Benjamin Butz (Fakultät IV)<br>Univ.-Prof. Dr. Stephan Habscheid (Fakultät I)<br>Univ.-Prof. Dr. Gunnar Stevens (Fakultät III)<br>Univ.-Prof. Dr.-Ing. Thorsten Weimar (Fakultät II)<br>Univ.-Prof. &#8216;in Dr. Claudia Wickleder (Fakultät IV), stellv. Vorsitzende</p>



<p><strong><strong>Academic Staff</strong>:</strong><br>Dr. Anne Röhl (Fakultät II)<br>Konstantin Aal (Fakultät III)</p>



<p><strong><strong>Students:</strong></strong><br>Lea Schodrowski (Fakultät III)<br>Aleksandra Vujadinovic (Fakultät I)</p>



<p><strong><strong>Technical and Administrative Staff:</strong></strong><br>Gregor Schulte (Fakultät IV)</p>



<p><strong><strong>Vice Dean for Research:</strong></strong><br>Prof. Dr. Niels Werber, Prodekan für Forschung (Fak. I)<br>Prof. Dr. Thomas Coelen, Prodekan für Forschung (Fak. II)<br>Prof. Dr. Peter Krebs, Prodekan für Forschung und Lehre (Fak. III)<br>Prof. Dr. Ivor Fleck, Prodekan für Forschung &amp; wissenschaftlichen Nachwuchs (Fak. IV)<br>Prof. Dr. Christoph Strünck, Prodekan für Strategie und Forschung (Fak. V)</p>
</div></div>



<h2 class="wp-block-heading" id="vertrauensdozent">DFG Liaison Officer</h2>



<p>All universities that are members of the Deutsche Forschungsgemeinschaft (DFG, German Research Foundation) appoint a university professor from among their members to serve as a DFG Liaison Officer.</p>



<p>This person acts as a local contact person for applicants at the DFG. It should also be noted that the DFG Liaison Officer must be informed by applicants about the submission of DFG projects.</p>



<div class="wp-block-media-text alignwide is-stacked-on-mobile" style="grid-template-columns:30% auto"><figure class="wp-block-media-text__media"><img loading="lazy" decoding="async" width="600" height="600" src="https://forschung.uni-siegen.de/files/2024/11/0000000342.jpg" alt="" class="wp-image-2804 size-full" srcset="https://forschung.uni-siegen.de/files/2024/11/0000000342.jpg 600w, https://forschung.uni-siegen.de/files/2024/11/0000000342-300x300.jpg 300w, https://forschung.uni-siegen.de/files/2024/11/0000000342-150x150.jpg 150w" sizes="auto, (max-width: 600px) 100vw, 600px" /></figure><div class="wp-block-media-text__content">
<div class="wp-block-group is-layout-flow wp-block-group-is-layout-flow">
<div class="wp-block-group is-layout-flow wp-block-group-is-layout-flow">
<h2 class="wp-block-heading">Prof. Dr. Christian Lahusen</h2>



<p>AR-H 503<br>Universität Siegen<br>Professor of Comparative Cultural Sociology and Political Sociology in Europe<br>57076 Siegen<br>Phone: +49 271 / 740 – 3296<br>E-Mail: <a href="mailto:lahusen@soziologie.uni-siegen.de">lahusen@soziologie.uni-siegen.de</a></p>
</div>
</div>
</div></div>
</div>



<div class="wp-block-column is-layout-flow wp-block-column-is-layout-flow" style="flex-basis:33.33%">
<div class="wp-block-group greybox is-layout-flow wp-block-group-is-layout-flow">
<h2 class="wp-block-heading">Prorector for Research, Infrastructure and Collaboration</h2>



<div class="wp-block-media-text alignwide" style="grid-template-columns:29% auto"><figure class="wp-block-media-text__media"><img loading="lazy" decoding="async" width="451" height="677" src="https://forschung.uni-siegen.de/files/2024/03/prorektorat_kolb.jpg" alt="" class="wp-image-2402 size-medium" srcset="https://forschung.uni-siegen.de/files/2024/03/prorektorat_kolb.jpg 451w, https://forschung.uni-siegen.de/files/2024/03/prorektorat_kolb-200x300.jpg 200w" sizes="auto, (max-width: 451px) 100vw, 451px" /></figure><div class="wp-block-media-text__content">
<p><strong>Prof. Dr. Andreas Kolb</strong><br>Phone: +49 271/740-2404<br>E-Mail: <a href="mailto:andreas.kolb@uni-siegen.de" target="_blank" rel="noreferrer noopener">andreas.kolb@uni-siegen.de</a></p>
</div></div>
</div>
</div>
</div>
